d m?
10
Let f be 40*(4 - (3 + -1)). Suppose -2*v = -v - f. What is the highest common factor of v and 16?
16
Suppose 174 = 2*d - 0*d. Suppose 5*r - m = 2*m + 160, 3*r - 5*m - 112 = 0. Calculate the highest common factor of d and r.
29
Let u = 96 - 24. What is the highest common divisor of 8 and u?
8
Suppose -22*w + 24*w = 144. Calculate the greatest common factor of 8 and w.
8
Let g = 3 - -6. Let a = g - 8. Let u be 11 + (-2)/1*a. What is the highest common factor of u and 3?
3
Let u(p) = p - 5. Let c be -1 - (-2)/((-2)/(-19)). Suppose 0*s = 3*s - c. Let a be u(s). Calculate the greatest common divisor of a and 1.
1
Let z(g) = g**3 - 3*g**2 + 3*g + 2. Let r(a) = a + 1. Let l(i) = 2*r(i) - z(i). Let m be l(2). Calculate the greatest common factor of 6 and m.
2
Let g be (-20)/(-2)*7/(-7)*-2. Calculate the highest common divisor of g and 4.
4
Let x be (-2)/6 - 86/(-6). Suppose m + i + 6 + 0 = 0, i = -4*m - 21. Let o be 6/(2 + m) - -114. Calculate the greatest common factor of o and x.
14
Let z(h) = 21*h**2 - h. Let a be (-3)/(-3)*2/(-2). Let w be z(a). What is the highest common factor of 33 and w?
11
Suppose -6*n + n = 4*p - 3, -n + 3*p = -12. Suppose 3*q = 60 + 3. What is the greatest common factor of q and n?
3
Suppose 2*g - 16 = 5*o + 10, -o = 2*g - 14. Let v be 36*-1*g/(-6). What is the highest common divisor of 32 and v?
16
Let u(n) = 5*n**2 - 2*n - 7. Let h be u(3). Calculate the greatest common factor of h and 32.
32
Suppose 4*g - 19 = 17. Calculate the greatest common divisor of 9 and g.
9
Suppose 0*q - q = 3, 0 = 5*z - q - 38. Suppose -3*s + 4*s = z. Let y(f) = -f**3 + f**2 - f + 77. Let c be y(0). Calculate the highest common factor of c and s.
7
Suppose -10*f + 4*f + 468 = 0. Calculate the greatest common factor of f and 6.
6
Let h(r) = r**2 - 2*r + 2. Let a be h(2). Suppose -a*l = -0*l. Suppose -4 = -t, -2*t - 91 = -3*v - l*v. Calculate the greatest common divisor of 11 and v.
11
Let n be (3/(-2))/3*(-7 - 105). Let i be (-2)/3*42/(-4). What is the greatest common factor of n and i?
7
Suppose 0 = 3*o + o - 104. What is the highest common factor of o and 65?
13
Suppose -6*b + b = -60. What is the greatest common divisor of 48 and b?
12
Let d be (-1955)/(-15) - 6/(-9). Suppose 4*m - d + 23 = 0. Let k be (4/3)/((-6)/(-81)). What is the greatest common factor of m and k?
9
Let r be (-1 + -47)*6/(-12). Calculate the greatest common factor of r and 16.
8
Let a = 36 + -55. Let u = 124 - 78. Let d = u - a. What is the highest common factor of 13 and d?
13
Let u be (-2 - -5) + -1 + 4. Calculate the greatest common factor of u and 6.
6
Let p = -6 + 10. Let z = -4 + 6. Suppose u = 3*d - 16, d + 4*d - z*u - 28 = 0. What is the greatest common factor of p and d?
4
Let g be 4/(-14) + 642/42. What is the highest common factor of 165 and g?
15
Let y(s) = 4*s**2 - 2*s + 4. Let u be y(4). Suppose -5*o + o = -u. Suppose -c = m - 6, 2*m - o = c - 0*c. Calculate the greatest common divisor of 63 and m.
7
Let v be 6*(9/(-6) + 2). Suppose -p - 5 = 2*s, -p - 14 = 5*s + v. Suppose p*d - 36 = -d. What is the greatest common factor of d and 1?
1
Let a = 68 + -176. Let l = a - -168. What is the greatest common factor of l and 12?
12
Suppose 0 = 4*x + 2*p - 6 + 28, 5*p = 4*x - 13. Let i be 3 + -5 + 3 + -15. Let f = x - i. Calculate the greatest common divisor of f and 22.
11
Let x be (2/(-2) + -59)*-3. Let t = x + -100. What is the greatest common divisor of 16 and t?
16
Let y be (-1 + 0)*(-122 - (-5 + 4)). Let p = 21 - 10. Calculate the greatest common factor of y and p.
11
Suppose 5*c - c = 56. Calculate the highest common divisor of 14 and c.
14
Let y be 77 - ((-3 - -5) + -2). Calculate the greatest common divisor of y and 7.
7
Suppose -2*w = -2*y - 14, -2*w - 2*w + 4 = 0. Let f = 9 + y. Let m be (144/20)/(f/10). Calculate the greatest common divisor of m and 60.
12
Suppose 5*i + 5*u - 270 = 0, 3*i - 4*u + 3*u = 154. Calculate the highest common divisor of i and 13.
13
Suppose 0 = -3*h + 4*w + 84, -2*h = -h - w - 27. Calculate the highest common divisor of h and 30.
6
Let h(i) = i**2 + 5*i + 2. Let d be h(-3). Let c be (3 + d)*2 + 3. What is the greatest common factor of 1 and c?
1
Let r be -1 + 3 + (-4 - -57). Calculate the greatest common divisor of 11 and r.
11
Let n be -15 - (-1)/((-2)/(-4)). Let d = -8 - n. Suppose -28 = -2*i + z, 3*i - 49 = d*z + 7. What is the highest common divisor of 3 and i?
3
Suppose -2 + 0 = g, 5*g = -m + 111. Calculate the greatest common divisor of 11 and m.
11
Let v(n) = 3*n**2 - 19*n - 1. Let q be v(7). What is the greatest common factor of q and 13?
13
Suppose 2*x + 3*r - 107 = 0, x = 6*x + 3*r - 245. Calculate the greatest common divisor of x and 115.
23
Suppose 0*j = 7*j - 35. What is the highest common factor of j and 5?
5
Let d be -3 + (0 - 1)*-9. Let i be (-2 + 5)/(d/16). Calculate the greatest common divisor of 56 and i.
8
Let c be -5*(-2 - 12/(-3) - 11). Calculate the greatest common factor of c and 5.
5
Suppose -q + 2 + 3 = 0. Calculate the highest common divisor of 5 and q.
5
Suppose -3*m + 2 = -f, 4*m = -0*f + f + 6. Let r = 18 - f. What is the highest common factor of 12 and r?
4
Let t = -24 + 46. Suppose 0 = -3*g + 3*j + 15, 2*g - 3*g + 2 = -2*j. Suppose -m - g = -5*m. What is the greatest common divisor of m and t?
2
Let r be 522/63 - (-2)/(-7). Calculate the highest common divisor of 64 and r.
8
Let u(o) = -o + 3. Let m(p) = 2*p - 7. Let c(t) = -6*m(t) - 15*u(t). Let a be c(3). Let n be ((-15)/a)/(-1)*6. What is the greatest common divisor of n and 10?
5
Let m(s) = s**2 - 2*s + 2. Let d be m(-4). Let j = 38 + d. Suppose h + 4*p - 20 = 0, -p + 0*p + 3 = 0. What is the greatest common factor of h and j?
8
Suppose c = 3*z - 3*c - 60, 3*z + 5*c - 87 = 0. Let x be ((-2)/(-6))/(2/z). What is the highest common factor of x and 6?
2
Let z be (-2 - (-206)/8)*4. Calculate the greatest common factor of 19 and z.
19
Let h = 7 + -3. Let s(g) = 5*g + 4. Let r be s(h). What is the highest common factor of 36 and r?
12
Let t be 372 + -4*18/(-24). Calculate the greatest common factor of 15 and t.
15
Let c = -4 + 7. Suppose -2*b = -3*w - 6 + 15, -3*b - 9 = -c*w. Suppose b*a + 36 = 4*a. Calculate the greatest common divisor of 72 and a.
9
Suppose 4*a + 32 = 2*v, 0 = -4*v - a + 51 + 49. What is the highest common divisor of v and 96?
24
Suppose z = -0*z + 41. Suppose 29 + z = y. Suppose j = 0, -p + 5*j + 0*j + 10 = 0. Calculate the greatest common divisor of y and p.
10
Let z be 9/2*(-60)/(-6). Calculate the highest common divisor of 30 and z.
15
Let k be (42/(-98))/((-1)/7). Suppose 0 = 2*q + q + 72. Let t = q - -39. Calculate the highest common factor of t and k.
3
Suppose 0 = -4*u - 9 + 53. Calculate the highest common divisor of 11 and u.
11
Suppose 2*d + 12 = -2*d. Let c be (5 + d)/(2/7). Calculate the highest common factor of c and 49.
7
Let t be 19/(-3)*24/2. Let y = 116 + t. Calculate the highest common divisor of y and 8.
8
Let y = -8 + 78. What is the highest common factor of 35 and y?
35
Suppose 3*p + 4*q - 30 = 0, -3*q + 4*q - 9 = -p. Let l be 4/(8/p) - 1. What is the greatest common divisor of l and 3?
1
Suppose -2*p + 308 = 2*c, 4*p + 5*c = 911 - 291. What is the greatest common divisor of p and 25?
25
Let v = 25 + -43. Let u be (27/v)/(2/(-36)). Calculate the greatest common factor of u and 18.
9
Suppose -2*s - 4*d + 292 = 3*s, 4*d + 308 = 5*s. Suppose -3*b = 5*m - 59, b + m - 22 = -5. Let n = 23 - b. What is the greatest common factor of s and n?
10
Let n be (-8)/36 - (-110)/9. Suppose -4*u - 4*k = -40, 0*u - k = -u + n. What is the greatest common factor of 44 and u?
11
Suppose 5*z - 2*z - 48 = 0. Suppose 6*m - 4*m = z. Let r be (-40)/(-2)*16/10. Calculate the highest common divisor of m and r.
8
Let q(y) be the first derivative of y**2 - 2*y + 1. Let h be q(3). Suppose h*b - 82 = n, -b + 3*n + 17 = n. Calculate the highest common divisor of 3 and b.
3
Let q = 36 + -26. Suppose v - 4 - q = 0. Calculate the greatest common factor of v and 14.
14
Let k = 8 - 8. Suppose k*u + 4*u - 8 = 0. Suppose m = -3*b - u*b + 70, -3*b = -5*m - 14. Calculate the highest common factor of b and 26.
13
Suppose -3*b - 3*i + 63 = 0, -4*i - 1 = b - 19. Calculate the highest common factor of b and 44.
22
Suppose u + 87 = 2*w + 2*w, -w